{"id":16,"date":"2019-03-11T18:01:33","date_gmt":"2019-03-11T18:01:33","guid":{"rendered":"http:\/\/landgasthof-dittmannsdorf.de\/?page_id=16"},"modified":"2022-08-23T18:28:51","modified_gmt":"2022-08-23T18:28:51","slug":"gaststube-biergarten","status":"publish","type":"page","link":"https:\/\/landgasthof-dittmannsdorf.de\/?page_id=16","title":{"rendered":"Gaststube &#038; Biergarten"},"content":{"rendered":"\n<div class=\"wp-block-image\"><figure class=\"aligncenter size-large\"><img data-recalc-dims=\"1\" fetchpriority=\"high\" decoding=\"async\" width=\"925\" height=\"694\" data-attachment-id=\"101\" data-permalink=\"https:\/\/landgasthof-dittmannsdorf.de\/?attachment_id=101\" data-orig-file=\"https:\/\/i0.wp.com\/landgasthof-dittmannsdorf.de\/wp-content\/uploads\/DSCN1046.jpg?fit=4608%2C3456&amp;ssl=1\" data-orig-size=\"4608,3456\" data-comments-opened=\"1\" data-image-meta=\"{&quot;aperture&quot;:&quot;3.1&quot;,&quot;credit&quot;:&quot;&quot;,&quot;camera&quot;:&quot;COOLPIX S6400&quot;,&quot;caption&quot;:&quot;&quot;,&quot;created_timestamp&quot;:&quot;1552822669&quot;,&quot;copyright&quot;:&quot;&quot;,&quot;focal_length&quot;:&quot;4.5&quot;,&quot;iso&quot;:&quot;125&quot;,&quot;shutter_speed&quot;:&quot;0.00625&quot;,&quot;title&quot;:&quot;&quot;,&quot;orientation&quot;:&quot;1&quot;}\" data-image-title=\"DSCN1046\" data-image-description=\"\" data-image-caption=\"&lt;p&gt;Kleiner Gastraum&lt;\/p&gt;\n\" data-large-file=\"https:\/\/i0.wp.com\/landgasthof-dittmannsdorf.de\/wp-content\/uploads\/DSCN1046.jpg?fit=925%2C694&amp;ssl=1\" src=\"https:\/\/i0.wp.com\/landgasthof-dittmannsdorf.de\/wp-content\/uploads\/DSCN1046.jpg?resize=925%2C694&#038;ssl=1\" alt=\"\" class=\"wp-image-101\" srcset=\"https:\/\/i0.wp.com\/landgasthof-dittmannsdorf.de\/wp-content\/uploads\/DSCN1046.jpg?resize=1024%2C768&amp;ssl=1 1024w, https:\/\/i0.wp.com\/landgasthof-dittmannsdorf.de\/wp-content\/uploads\/DSCN1046.jpg?resize=300%2C225&amp;ssl=1 300w, https:\/\/i0.wp.com\/landgasthof-dittmannsdorf.de\/wp-content\/uploads\/DSCN1046.jpg?resize=768%2C576&amp;ssl=1 768w, https:\/\/i0.wp.com\/landgasthof-dittmannsdorf.de\/wp-content\/uploads\/DSCN1046.jpg?resize=1568%2C1176&amp;ssl=1 1568w, https:\/\/i0.wp.com\/landgasthof-dittmannsdorf.de\/wp-content\/uploads\/DSCN1046.jpg?w=1850&amp;ssl=1 1850w, https:\/\/i0.wp.com\/landgasthof-dittmannsdorf.de\/wp-content\/uploads\/DSCN1046.jpg?w=2775&amp;ssl=1 2775w\" sizes=\"(max-width: 925px) 100vw, 925px\" \/><\/figure><\/div>\n\n\n\n<p class=\"has-text-align-center\">Unsere urige Gaststube besteht aus zwei gem\u00fctlichen R\u00e4umen im  Landhausstil. Im vorderen Teil finden 12 G\u00e4ste ein Pl\u00e4tzchen, der  hintere Gastraum ist mit 34 Sitzpl\u00e4tzen ausgestattet. Ein idealer Ort um  kleinere Feierlichkeiten bis max. 30 Personen auszurichten.<\/p>\n\n\n\n<div class=\"wp-block-image\"><figure class=\"aligncenter size-large\"><img data-recalc-dims=\"1\" decoding=\"async\" width=\"925\" height=\"694\" data-attachment-id=\"98\" data-permalink=\"https:\/\/landgasthof-dittmannsdorf.de\/?attachment_id=98\" data-orig-file=\"https:\/\/i0.wp.com\/landgasthof-dittmannsdorf.de\/wp-content\/uploads\/DSCN1029.jpg?fit=4608%2C3456&amp;ssl=1\" data-orig-size=\"4608,3456\" data-comments-opened=\"1\" data-image-meta=\"{&quot;aperture&quot;:&quot;3.1&quot;,&quot;credit&quot;:&quot;&quot;,&quot;camera&quot;:&quot;COOLPIX S6400&quot;,&quot;caption&quot;:&quot;&quot;,&quot;created_timestamp&quot;:&quot;1552214364&quot;,&quot;copyright&quot;:&quot;&quot;,&quot;focal_length&quot;:&quot;4.5&quot;,&quot;iso&quot;:&quot;400&quot;,&quot;shutter_speed&quot;:&quot;0.1&quot;,&quot;title&quot;:&quot;&quot;,&quot;orientation&quot;:&quot;1&quot;}\" data-image-title=\"DSCN1029\" data-image-description=\"\" data-image-caption=\"&lt;p&gt;Gro\u00dfer Gastraum&lt;\/p&gt;\n\" data-large-file=\"https:\/\/i0.wp.com\/landgasthof-dittmannsdorf.de\/wp-content\/uploads\/DSCN1029.jpg?fit=925%2C694&amp;ssl=1\" src=\"https:\/\/i0.wp.com\/landgasthof-dittmannsdorf.de\/wp-content\/uploads\/DSCN1029.jpg?resize=925%2C694&#038;ssl=1\" alt=\"\" class=\"wp-image-98\" srcset=\"https:\/\/i0.wp.com\/landgasthof-dittmannsdorf.de\/wp-content\/uploads\/DSCN1029.jpg?resize=1024%2C768&amp;ssl=1 1024w, https:\/\/i0.wp.com\/landgasthof-dittmannsdorf.de\/wp-content\/uploads\/DSCN1029.jpg?resize=300%2C225&amp;ssl=1 300w, https:\/\/i0.wp.com\/landgasthof-dittmannsdorf.de\/wp-content\/uploads\/DSCN1029.jpg?resize=768%2C576&amp;ssl=1 768w, https:\/\/i0.wp.com\/landgasthof-dittmannsdorf.de\/wp-content\/uploads\/DSCN1029.jpg?resize=1568%2C1176&amp;ssl=1 1568w, https:\/\/i0.wp.com\/landgasthof-dittmannsdorf.de\/wp-content\/uploads\/DSCN1029.jpg?w=1850&amp;ssl=1 1850w, https:\/\/i0.wp.com\/landgasthof-dittmannsdorf.de\/wp-content\/uploads\/DSCN1029.jpg?w=2775&amp;ssl=1 2775w\" sizes=\"(max-width: 925px) 100vw, 925px\" \/><\/figure><\/div>\n\n\n\n<p class=\"has-text-align-center\">Von Mai bis Oktober lockt ein kleiner Biergarten direkt vorm Haus manchen durstigen Wanderer oder Radler zur Rast an.<\/p>\n\n\n\n<div class=\"wp-block-image\"><figure class=\"aligncenter\"><img data-recalc-dims=\"1\" decoding=\"async\" width=\"925\" height=\"694\" data-attachment-id=\"96\" data-permalink=\"https:\/\/landgasthof-dittmannsdorf.de\/?attachment_id=96\" data-orig-file=\"https:\/\/i0.wp.com\/landgasthof-dittmannsdorf.de\/wp-content\/uploads\/DSCN0702.jpg?fit=4608%2C3456&amp;ssl=1\" data-orig-size=\"4608,3456\" data-comments-opened=\"1\" data-image-meta=\"{&quot;aperture&quot;:&quot;4.6&quot;,&quot;credit&quot;:&quot;&quot;,&quot;camera&quot;:&quot;COOLPIX S6400&quot;,&quot;caption&quot;:&quot;&quot;,&quot;created_timestamp&quot;:&quot;1446294022&quot;,&quot;copyright&quot;:&quot;&quot;,&quot;focal_length&quot;:&quot;14.5&quot;,&quot;iso&quot;:&quot;125&quot;,&quot;shutter_speed&quot;:&quot;0.00125&quot;,&quot;title&quot;:&quot;&quot;,&quot;orientation&quot;:&quot;1&quot;}\" data-image-title=\"DSCN0702\" data-image-description=\"\" data-image-caption=\"\" data-large-file=\"https:\/\/i0.wp.com\/landgasthof-dittmannsdorf.de\/wp-content\/uploads\/DSCN0702.jpg?fit=925%2C694&amp;ssl=1\" src=\"https:\/\/i0.wp.com\/landgasthof-dittmannsdorf.de\/wp-content\/uploads\/DSCN0702-1024x768.jpg?resize=925%2C694\" alt=\"\" class=\"wp-image-96\" srcset=\"https:\/\/i0.wp.com\/landgasthof-dittmannsdorf.de\/wp-content\/uploads\/DSCN0702.jpg?resize=1024%2C768&amp;ssl=1 1024w, https:\/\/i0.wp.com\/landgasthof-dittmannsdorf.de\/wp-content\/uploads\/DSCN0702.jpg?resize=300%2C225&amp;ssl=1 300w, https:\/\/i0.wp.com\/landgasthof-dittmannsdorf.de\/wp-content\/uploads\/DSCN0702.jpg?resize=768%2C576&amp;ssl=1 768w, https:\/\/i0.wp.com\/landgasthof-dittmannsdorf.de\/wp-content\/uploads\/DSCN0702.jpg?resize=1568%2C1176&amp;ssl=1 1568w, https:\/\/i0.wp.com\/landgasthof-dittmannsdorf.de\/wp-content\/uploads\/DSCN0702.jpg?w=1850&amp;ssl=1 1850w, https:\/\/i0.wp.com\/landgasthof-dittmannsdorf.de\/wp-content\/uploads\/DSCN0702.jpg?w=2775&amp;ssl=1 2775w\" sizes=\"(max-width: 925px) 100vw, 925px\" \/><\/figure><\/div>\n","protected":false},"excerpt":{"rendered":"<p>Unsere urige Gaststube besteht aus zwei gem\u00fctlichen R\u00e4umen im Landhausstil. Im vorderen Teil finden 12 G\u00e4ste ein Pl\u00e4tzchen, der hintere Gastraum ist mit 34 Sitzpl\u00e4tzen ausgestattet. Ein idealer Ort um kleinere Feierlichkeiten bis max. 30 Personen auszurichten. Von Mai bis Oktober lockt ein kleiner Biergarten direkt vorm Haus manchen durstigen Wanderer oder Radler zur Rast &hellip; <\/p>\n","protected":false},"author":1,"featured_media":0,"parent":0,"menu_order":0,"comment_status":"closed","ping_status":"closed","template":"","meta":{"jetpack_post_was_ever_published":false,"footnotes":""},"class_list":["post-16","page","type-page","status-publish","hentry"],"jetpack_sharing_enabled":true,"jetpack_shortlink":"https:\/\/wp.me\/PaP3Ir-g","jetpack-related-posts":[],"_links":{"self":[{"href":"https:\/\/landgasthof-dittmannsdorf.de\/index.php?rest_route=\/wp\/v2\/pages\/16","targetHints":{"allow":["GET"]}}],"collection":[{"href":"https:\/\/landgasthof-dittmannsdorf.de\/index.php?rest_route=\/wp\/v2\/pages"}],"about":[{"href":"https:\/\/landgasthof-dittmannsdorf.de\/index.php?rest_route=\/wp\/v2\/types\/page"}],"author":[{"embeddable":true,"href":"https:\/\/landgasthof-dittmannsdorf.de\/index.php?rest_route=\/wp\/v2\/users\/1"}],"replies":[{"embeddable":true,"href":"https:\/\/landgasthof-dittmannsdorf.de\/index.php?rest_route=%2Fwp%2Fv2%2Fcomments&post=16"}],"version-history":[{"count":6,"href":"https:\/\/landgasthof-dittmannsdorf.de\/index.php?rest_route=\/wp\/v2\/pages\/16\/revisions"}],"predecessor-version":[{"id":650,"href":"https:\/\/landgasthof-dittmannsdorf.de\/index.php?rest_route=\/wp\/v2\/pages\/16\/revisions\/650"}],"wp:attachment":[{"href":"https:\/\/landgasthof-dittmannsdorf.de\/index.php?rest_route=%2Fwp%2Fv2%2Fmedia&parent=16"}],"curies":[{"name":"wp","href":"https:\/\/api.w.org\/{rel}","templated":true}]}}